1052 = b - 0*b + 3*i, z = -4*b + 5*i - 4293. Is (-2 + 4)/((-2)/b) prime?
False
Suppose -2*k - 3 = -k - 4*b, 33 = 5*k + 4*b. Suppose -3*h = 36*x - 35*x - 3103, k*h - 9309 = -3*x. Is x a prime number?
False
Suppose -2*h - x + 79 = 0, 75 = 2*h + 15*x - 10*x. Is (-1 - -1) + (-8)/(h/(-92405)) a prime number?
True
Suppose 21*r + 5772259 = 56*r + 2*r. Is r a composite number?
False
Suppose -4*c + 4*g - 7442 = -6*c, 4*g = -c + 3725. Suppose 5288 = 5*b - c. Is b a prime number?
True
Suppose 12*a - 4*a = 5*r - 228921, -2*r = -3*a - 91568. Is r composite?
True
Is 10*(232015/14 + 17) composite?
True
Suppose 2*k + 35 - 13 = 0. Let a(q) = 648*q - 17 + 557*q - 1357*q. Is a(k) a prime number?
False
Let a(b) = -400027*b**3 + 2*b**2 + 11*b + 13. Is a(-1) composite?
False
Let z(g) = -338*g + 47. Suppose 35 = 34*m + 375. Is z(m) prime?
False
Let p = -115 - -117. Suppose p*w - 3727 = -5*j, -w + 1787 = 4*j - 78. Is w a composite number?
False
Let z(q) = 7*q**3 + 19*q**2 - 17*q + 64. Let g(h) = 6*h**3 + 21*h**2 - 16*h + 63. Let f(i) = 6*g(i) - 5*z(i). Is f(-25) prime?
False
Let p be 19*(-2)/(2*(-3 - -2)). Suppose -r - 11 = 4*r + 3*f, -r - p = -5*f. Is (-8)/(-12)*(-5622)/r a composite number?
False
Is ((-3517032)/(-60))/(2/5) + -2 a prime number?
False
Is (9 + 33)/7 + (3 - -35430) composite?
True
Let z(t) = -55*t. Let l be z(2). Let w = l + 116. Is 9/w - (-42055)/10 a prime number?
False
Let l(x) = -x**3 + 15*x**2 - 16*x + 32. Let i be l(14). Is (-20)/i*(-4493)/5 composite?
False
Is 0 + 125552 - (-6)/4*2 a composite number?
True
Let n be -2*(26/(-12) + (-8)/(-12)). Is 5883/(1 + (n - 1)) composite?
True
Suppose 12*b - 1709449 = -3*b - 4*b. Is b a prime number?
False
Let v = -306415 - -639104. Is v a composite number?
True
Suppose 0 = 8*a + 10*a - 270. Suppose a = -3*d, -47*w - 5*d = -51*w + 17037. Is w prime?
True
Is (2/4*5)/((-73)/(469179468/(-90))) prime?
True
Let o be 140/32 - 3/8. Suppose w - 36 = 5*b, -o*w + 33 = -4*b + w. Let z(q) = -62*q - 15. Is z(b) prime?
True
Let y(c) = 44*c**3 + 2*c - 42. Let t be y(-6). Let o = 14329 + t. Is o a prime number?
False
Suppose 0 = 4*k + 4*z + 23364, 26*z + 11678 = -2*k + 23*z. Let g = k + 8612. Is g a composite number?
False
Let q(z) be the third derivative of z**6/120 + z**5/4 + 13*z**4/24 - 19*z**3/6 - 11*z**2. Let u be q(-14). Is ((-2)/(-4))/(u/(-70)) prime?
True
Suppose -4*g + 3*m + 88 = 6*m, -4*g + 80 = 5*m. Suppose 0 = -4*b + 5*j + 205, -g = -0*b - b - 4*j. Is -7 + b/6 + (-210)/(-4) a prime number?
True
Let n = 298295 - 132058. Is n prime?
True
Let o = 67583 - -208034. Is o prime?
False
Let s(u) = 5*u**3 - 5*u**2 - 11*u + 5. Suppose -o + 4*k + 6 = -1, 0 = -5*o + 4*k - 45. Let a = 19 + o. Is s(a) a prime number?
True
Is (42/105)/(3/(-15)) - (-5 - 511084) composite?
False
Suppose -3*x + 8*j - 10 = 13*j, 3*j = -3*x - 6. Is (x + 4/3)/(12/48771) a composite number?
False
Let k be (-2)/(-6) + 10/(-3) + -5. Is (k/(-4))/(6/10317) prime?
False
Is (181224 - -45) + (10 + -2)*1/2 a prime number?
True
Suppose 5*g + 2 - 7 = 0. Let z be g - -455 - (-2 + 6). Suppose 33 = -o + z. Is o prime?
True
Let s(t) = t - 187*t**2 + 346 - 191*t**2 + 379*t**2 + 213. Let w = -3 + 3. Is s(w) prime?
False
Let u(t) = 6*t**2 - 19*t + 72. Suppose -13*f - 449 = -722. Is u(f) a prime number?
False
Let q(t) = 32*t**2 - 9*t + 11. Suppose -10*a + 3 = -11*a - 4*k, 4*a + 30 = 2*k. Is q(a) a prime number?
False
Suppose 5*d - b = 51 + 17, 0 = -4*d - 4*b + 64. Suppose 4 = -d*l + 16*l. Suppose 4*s - 3544 = -0*s + 2*t, -1770 = -2*s + l*t. Is s a composite number?
False
Suppose -11*f = -20*f + 157509. Suppose f = 5*j - 34464. Is j a composite number?
True
Let z(f) = -f. Let v be z(2). Suppose -4*a + 6*l = 2*l + 16, -4*a = -2*l + 14. Is v/(28/(-5817))*(-1 - a) a composite number?
True
Is (17269105/(-70) - -5)*(-1 + -1) a prime number?
True
Let o = 1248771 + -67616. Is o prime?
False
Let m = -183651 - -312840. Is m composite?
True
Let p = -206 + 197. Is 4/(-12) - 49818/p - 4 a composite number?
False
Let p(v) be the second derivative of 572*v**3 - 13*v**2/2 + 10*v. Let c be p(4). Suppose -12*i + c = i. Is i a composite number?
True
Let u = 27945 + 64942. Is u composite?
True
Let j be ((-1)/(2/4))/(-8 + 7). Suppose 0*v + j*v = 5028. Suppose -6*i = -12*i + v. Is i prime?
True
Let p(c) = -7*c**2 + 67*c + 39. Let i(g) = -15*g**2 + 133*g + 80. Let t(b) = -4*i(b) + 9*p(b). Is t(21) composite?
False
Suppose -4*q + 40 = 32. Suppose -17936 = -4*j - 6*r + q*r, 3*j - 13458 = -5*r. Is j a composite number?
False
Let m(u) be the first derivative of 88*u**3/3 + 3*u**2/2 - 8*u - 22. Let j be m(8). Suppose -j - 4282 = -10*t. Is t a prime number?
False
Suppose -2*b - 3*f + 241 = 0, 4*b - 9*f = -10*f + 487. Is b/183 - -11*(-371)/(-3) prime?
True
Let n = 955 - 942. Let z be -1 + 3/(-1)*-10. Suppose -n = -2*f + z. Is f composite?
True
Let g be (-68)/10 + 6/(-30). Let q = g + 120. Is q composite?
False
Is 10651/(((-2)/(-8))/((-12)/(-384)*56)) composite?
True
Suppose 5*z + 3*m - 424941 = m, 3*m - 424934 = -5*z. Is z prime?
True
Let i(m) = m**3 + 3*m**2 + 5*m + 15. Suppose -5*c = -15, 0 = -5*s + 4*s - c. Let a be i(s). Suppose 0 = -a*j + 2*j - 2238. Is j composite?
True
Suppose 29*q = 19*q - 11710. Let l = 2648 + q. Is l composite?
True
Is 777 - 777 - 1*5*-14071 prime?
False
Suppose 2*z - 147928 - 712151 = -5*r, -6*r + 1032050 = -4*z. Is r prime?
False
Let w = -22 + 62. Suppose -6*h = -26 - w. Let s(n) = 67*n + 9. Is s(h) a prime number?
False
Is (-32)/48 + (-6652467)/(-27) a prime number?
False
Suppose -4*y + 7*y - 2*k - 58 = 0, -4*y = 3*k - 49. Suppose -y*x - 716670 = -34*x. Is x a composite number?
True
Suppose -82315024 = -233*w + 21727165. Is w composite?
False
Let l(y) = 122889*y**2 + 1462*y + 2919. Is l(-2) a prime number?
False
Suppose 3*q = 4*a + 180, -2*a - q = -a + 52. Let z be (1/2)/(2 - (-88)/a). Suppose -z*o - 4*t = -7799, -8*o + t = -5*o - 7819. Is o a composite number?
True
Suppose 0 = -0*w - 3*w + 8082. Let h = -16532 + 16542. Suppose -h*d + w = -1376. Is d prime?
False
Suppose -4200 = 38*b - 43*b. Is ((13810/(-8))/5)/((-30)/b) a prime number?
False
Let w be ((-104)/(-156))/((2/(-24))/(-1)). Let j = -611 - -907. Suppose 0*m + j = w*m. Is m prime?
True
Let h = 326 + -206. Suppose h = 5*r + 3*r. Let c(m) = -m**3 + 17*m**2 + 33*m + 13. Is c(r) prime?
False
Suppose 62*j + 26*j - 15245560 = 0. Is j prime?
False
Let j(x) = 51*x + 463. Let s be j(-9). Let d = 2 - 2. Suppose -s*p + 8 = d, 3*h + 4*p - 2635 = 2*p. Is h a prime number?
True
Suppose -71882*u + 71878*u = -82276. Is u a composite number?
True
Let w(v) = 17150*v**3 - v**2 + 16*v + 8. Is w(5) a composite number?
True
Let p be -145*((-24)/10 - -2). Let d = -6746 + 7610. Suppose 2*v - 5*y = -p + 500, -4*v = -5*y - d. Is v a composite number?
False
Suppose 21*y = -g + 16*y + 517073, -3*g - 4*y + 1551153 = 0. Is g a prime number?
True
Suppose -52*l + 0*l + 9974180 = 40*l. Is l a prime number?
False
Suppose -4*j = -v - 2*v - 1778, -4*j = 5*v + 2974. Let f = -3958 - -2729. Let u = v - f. Is u prime?
False
Let f = 1386248 + -784869. Is f composite?
False
Let k = -43 - -47. Suppose 0 = 4*m - 0*m - 16. Suppose -3*t = m*d - 973, 1680 = t + k*t - 5*d. Is t a prime number?
True
Suppose 22*p = 371585 + 169857. Is p composite?
False
Suppose -4*d + 1354654 = -3*q, 7*d + 2*q + 1693307 = 12*d. Is d a composite number?
False
Suppose 0 = 6*y - y - 30420. Suppose 13*a - 150527 = y. Is a prime?
False
Suppose 316 = 6*h + 166. Let r(x) = 133*x - 288. Is r(h) a prime number?
True
Let y(i) = 497*i**2 - 24*i - 78. Suppose 0 = -4*x - 206 + 178. Is y(x) a composite number?
False
Suppose 20*y - 15*y + 1640 = 0. Suppose -2*i - 916 = 1232. Let g = y - i. Is g composite?
True
Suppose 2*j = -12, 0 = 3*o - 93*j + 89*j - 60291. Is o prime?
True
Let l(f) = -f**3 - 6*f**2 + 4*f - 9. Let g be l(-7). Is 8/g + 1754/6 composite?
False
Suppose 6*k + 4*n = 49093 + 345477, -4*k = -n - 263043. Is k composite?
False
Let t(b) = b + 12. Let g be t(-9). Suppose 5*d + g*l - 4*l - 25 = 0, d = 3*l + 19. Suppose -704 = -d*w + 812. Is w a prime number?
True
Suppose -5*t - 2*s - 2*s - 100 = 0, 5*t + 2*s = -110. Is (6*(-1527)/t)/((-6)/(-40)) composite?
True
Suppose -277*b = 34*b - 119877127. Is b composite?
True
Let w = -19308 + 46919. Is w composite?
False
Let w = 20617 - 